{"id":25,"date":"2025-11-09T15:26:36","date_gmt":"2025-11-09T15:26:36","guid":{"rendered":"https:\/\/gittesprivatedagpleje.dk\/?page_id=25"},"modified":"2025-11-09T15:26:59","modified_gmt":"2025-11-09T15:26:59","slug":"aabningstider","status":"publish","type":"page","link":"https:\/\/gittesprivatedagpleje.dk\/?page_id=25","title":{"rendered":""},"content":{"rendered":"\n<h2 class=\"wp-block-heading has-text-align-center\" style=\"margin-top:var(--wp--preset--spacing--60);margin-bottom:var(--wp--preset--spacing--60)\"><strong>\u00c5bningstider<\/strong><\/h2>\n\n\n\n<p>Mandag &#8211; torsdag kl. 7.20 \u2013 kl. 16.20<\/p>\n\n\n\n<p>Fredag kl. 7.20 &#8211; kl. 15.00<\/p>\n\n\n\n<p>Jeres barn skal v\u00e6re her senest kl. 9.00, med mindre andet er aftalt. S\u00e5 vi har mulighed for, at komme ud af huset p\u00e5 det tidspunkt !!!<\/p>\n\n\n<div class=\"wp-block-image\">\n<figure class=\"aligncenter size-full\"><img loading=\"lazy\" decoding=\"async\" width=\"100\" height=\"100\" src=\"https:\/\/gittesprivatedagpleje.dk\/wp-content\/uploads\/2025\/11\/sol100.png\" alt=\"\" class=\"wp-image-12\"\/><\/figure>\n<\/div>\n\n\n<h2 class=\"wp-block-heading has-text-align-center\"><strong>Ferie<\/strong><\/h2>\n\n\n\n<p style=\"margin-top:var(--wp--preset--spacing--30);margin-bottom:var(--wp--preset--spacing--30)\">Jeg laver en ferieplan, som g\u00e6lder ca. 1\/2 \u00e5r af gangen.<\/p>\n\n\n\n<p>Der er lukket alle helligdage.<\/p>\n\n\n<div class=\"wp-block-image\">\n<figure class=\"aligncenter size-large is-resized\"><img loading=\"lazy\" decoding=\"async\" width=\"1024\" height=\"768\" src=\"https:\/\/gittesprivatedagpleje.dk\/wp-content\/uploads\/2025\/11\/baenk-dp-scaled-1-1024x768.jpg\" alt=\"\" class=\"wp-image-26\" style=\"width:348px;height:auto\" srcset=\"https:\/\/gittesprivatedagpleje.dk\/wp-content\/uploads\/2025\/11\/baenk-dp-scaled-1-1024x768.jpg 1024w, https:\/\/gittesprivatedagpleje.dk\/wp-content\/uploads\/2025\/11\/baenk-dp-scaled-1-300x225.jpg 300w, https:\/\/gittesprivatedagpleje.dk\/wp-content\/uploads\/2025\/11\/baenk-dp-scaled-1-768x576.jpg 768w, https:\/\/gittesprivatedagpleje.dk\/wp-content\/uploads\/2025\/11\/baenk-dp-scaled-1-1536x1152.jpg 1536w, https:\/\/gittesprivatedagpleje.dk\/wp-content\/uploads\/2025\/11\/baenk-dp-scaled-1-2048x1536.jpg 2048w\" sizes=\"auto, (max-width: 1024px) 100vw, 1024px\" \/><\/figure>\n<\/div>","protected":false},"excerpt":{"rendered":"<p>\u00c5bningstider Mandag &#8211; torsdag kl. 7.20 \u2013 kl. 16.20 Fredag kl. 7.20 &#8211; kl. 15.00 Jeres barn skal v\u00e6re her senest kl. 9.00, med mindre andet er aftalt. S\u00e5 vi har mulighed for, at komme ud af huset p\u00e5 det tidspunkt !!! Ferie Jeg laver en ferieplan, som g\u00e6lder ca. 1\/2 \u00e5r af gangen. Der [&hellip;]<\/p>\n","protected":false},"author":1,"featured_media":0,"parent":0,"menu_order":0,"comment_status":"closed","ping_status":"closed","template":"","meta":{"footnotes":""},"class_list":["post-25","page","type-page","status-publish","hentry"],"jetpack_sharing_enabled":true,"_links":{"self":[{"href":"https:\/\/gittesprivatedagpleje.dk\/index.php?rest_route=\/wp\/v2\/pages\/25","targetHints":{"allow":["GET"]}}],"collection":[{"href":"https:\/\/gittesprivatedagpleje.dk\/index.php?rest_route=\/wp\/v2\/pages"}],"about":[{"href":"https:\/\/gittesprivatedagpleje.dk\/index.php?rest_route=\/wp\/v2\/types\/page"}],"author":[{"embeddable":true,"href":"https:\/\/gittesprivatedagpleje.dk\/index.php?rest_route=\/wp\/v2\/users\/1"}],"replies":[{"embeddable":true,"href":"https:\/\/gittesprivatedagpleje.dk\/index.php?rest_route=%2Fwp%2Fv2%2Fcomments&post=25"}],"version-history":[{"count":1,"href":"https:\/\/gittesprivatedagpleje.dk\/index.php?rest_route=\/wp\/v2\/pages\/25\/revisions"}],"predecessor-version":[{"id":27,"href":"https:\/\/gittesprivatedagpleje.dk\/index.php?rest_route=\/wp\/v2\/pages\/25\/revisions\/27"}],"wp:attachment":[{"href":"https:\/\/gittesprivatedagpleje.dk\/index.php?rest_route=%2Fwp%2Fv2%2Fmedia&parent=25"}],"curies":[{"name":"wp","href":"https:\/\/api.w.org\/{rel}","templated":true}]}}